 - 2197)?
2
Evaluate -8 + -10 - (-44 - (6 + -14)).
18
Calculate -18 + -14 - -11 - (1 + -6).
-16
Calculate -8 + 6 - (26 - (30 + 17)).
19
Evaluate 38 - ((-9 - (31 - 11)) + -13).
80
1 + (-31 - 32) + 38 - -58
34
Calculate (-67 - -139) + (-2 - (-27 - -11 - (-6 + -1))).
79
-76 + (-64 - 19 - -81)
-78
What is the value of -57 + 171 + -202 + 133?
45
What is the value of 19 - 0 - (-12 + 30 + -22) - 108?
-85
What is (-11 - ((63 - 25) + -25)) + 50?
26
What is the value of (2 - (3 + -2)) + -8 - (-5622 - -5612)?
3
Calculate 29 + (-40 - 29) + 19 + -1 + -4.
-26
What is (98 + -62 - (25 - -2)) + 89?
98
(21 - 5) + -17 + 45 + -12
32
What is 29 + (-11 - (-39 + 15) - (0 - -1))?
41
Calculate (106 + -111 - -122) + -124.
-7
-21 + 20 - -19 - -2 - 43
-23
What is (-12 + 5 - ((45 - 38) + -32)) + -80?
-62
What is 6 - (2 + -2 + -2 + 5 + -53 + 50)?
6
What is 2 + (33 - (21 + -29 - (0 + 3)))?
46
-38 - (-18 + (50 - 27))
-43
5 + 15 - (48 - 81)
53
-3 + 45 + (-3 - 2) - (161 + -167)
43
What is (-3 - -11) + -2 + -7 + -35 + -51?
-87
What is the value of (1 - 38) + (-10 - -6 - 6) + 20?
-27
What is -98 + (-1 - -1) + (16 - (5 + -7 + 9))?
-89
What is (4 - -65) + (-1814 - -1632)?
-113
Evaluate -166 + 185 + (-9 - -4).
14
What is (-11 - -14) + -51 + 3?
-45
Evaluate 30 - (16 - 42) - (-1 + 2).
55
Evaluate 22 + 73 + -92 - (1 + -50 - (3 - 0)).
55
Calculate -9 - (2 + 2 - (-19 + (18 - 8))).
-22
What is the value of 34 + -6 + -10 + -3 - 13?
2
Evaluate 12 - (1 - -45 - (-24 + (15 - -12))).
-31
Calculate -2 + (-13 - -4 - 6) + 10 + -2 + -2.
-11
What is 1 + -20 - ((-23 - -1) + 143 + -206)?
66
What is the value of 49 + (56 - (-30 - -161))?
-26
What is -7 + (-1 - 0) + 19 + 55 + -56 + -24?
-14
What is (-5700 - -5686) + (0 - -4)?
-10
What is the value of (-11 - (-42 + 25)) + 78 + (-3 - (-10 + 7))?
84
Evaluate -50 - (-9 + -22) - (3 + (6 - (-1 + 3))).
-26
What is 9 + (1 - -12) + (-7 - (3 + -3))?
15
-88 + (30 - (-13 - -13)) - (1 - (1 + 0))
-58
Calculate 45 + -64 - (-14 - (3 - 3)) - 9 - -118.
104
What is the value of -20 + -53 - -24 - -80?
31
What is the value of -30 + -1 - (-1251 + 1200)?
20
What is -95 + 0 - (46 - (-118 + 165))?
-94
What is (-3 - 96) + (3 + -19 - (-86 - -56))?
-85
What is the value of -3 + -25 + 267 + -248?
-9
161 - 151 - (-3 - (49 + 6 + -7 + 2))
63
What is the value of (-41 - -58) + -85 + (-4 - (-8 + 10))?
-74
-78 + -63 + 83 + 29
-29
What is -1 + 13 - (-13 + 1 - (-2 - (-5 + 0)))?
27
What is -33 - (6 + -50) - (2 + 1) - (0 + 67)?
-59
What is (-13 - (1 - 13) - (3 + -71)) + 9?
76
What is 4178 + -4303 + 0 + 70?
-55
Calculate 1 - 62 - (11 + -73 + -9 + 63).
-53
What is the value of (-32 - 0) + 8989 + -8956?
1
What is the value of -1 + 97 - (46 + -255 + 186)?
119
-2 + 15 + 0 + (-152 + 1 + 6 - -2)
-130
What is the value of 76 - (3 - (-15 + 9 + -12))?
55
Calculate (-366 - -393) + (2 + -6 - 1).
22
What is the value of (14 - ((49 - 12) + -3)) + (87 - 38)?
29
Evaluate 4 + 11 - (53 + -64 + 19).
7
Calculate 49 + (7 - 7) + 29.
78
36 + 18 - (-40 + 40)
54
Calculate 24 + -2 + 177 + -208 + 11.
2
What is the value of 1 + 7 - (4616 - 4599)?
-9
47 + 97 + -9 + -9
126
-138 - (55 - 173 - -54)
-74
Calculate 0 + (-10 - -8 - -1) + 10 + (33 - 22).
20
What is the value of (74 - 1) + (-1146 - -1117)?
44
Calculate 40 + -1 - (6 - (-25 + 37)).
45
Evaluate ((7 - 12) + 6 - 0) + (3 - -2) + 72.
78
Evaluate (-8 - 0) + -27 + 42 + -17 - 55.
-65
What is the value of -44 + 20 + -5 + 11 + 87?
69
What is -256 + (213 - -16) - (0 - (-13 + 0))?
-40
-77 - -39 - (0 - (-5 - -2))
-41
What is -25 - -73 - -10 - 17?
41
What is the value of 4 + (-7 - 1) - (17 - (13 + 9))?
1
Evaluate -45 - (-82 + 51 + -66).
52
Calculate (13 - (6 - 12)) + (-6 - (-6 - (12 + -9))).
22
What is -45 + -33 + 55 + (1 - 8)?
-30
1 + (-3 - 4) + 98 - (-5 - (-5 + 3))
95
(2 - -30) + (-357 - -380)
55
Evaluate -142 - (-33 + -100) - -38.
29
(-1 + 0 - 1) + 2 + 14082 + -14088
-6
(-16 - -14) + -45 + 0
-47
Evaluate -12 + (571 + -570 + (3 - 1) - (-109 + 4)).
96
Calculate 39 - (42 - (-3 + 11)) - 49.
-44
(-7 + -8 - -8) + (-8 + 17 - -2)
4
What is the value of 71 - 48 - (-2 - -127) - (-8 + 19)?
-113
Calculate (20 - 10) + -7 - (4 + 26 - 19) - -59.
51
What is the value of 41 - (-44 + 68) - -16?
33
What is the value of 4 + 6 - (46 + -22 + -20) - 59?
-53
Evaluate 8 + (18 - 29) + 51.
48
Calculate 2 + 11 + -3 + 1 - (156 - (157 + 10)).
22
(7 - 5 - 4) + 2 - (493 - 408)
-85
(141 - -32) + -80 + -13
80
Evaluate 0 - 4 - (90 + -69 + -34).
9
What is the value of (-2 - -5 - 1) + -49 - (3139 - 3141)?
-45
Calculate (-33 - 40) + 84 + -17.
-6
What is the value of (-2 + 0 - (10 - 0)) + (71 - (16 - -3))?
40
What is the value of (-99 - -54) + 23 + -63 + -2 + -7?
-94
Calculate 15 + (507 - 502 - (26 + -1)).
-5
Calculate (26 - 11 - 34 - 76) + (25 - 7).
-77
What is -1 + -103 + (19615 - 19512)?
-1
What is 44 + (4 - (4 + 19) - (8 + -20)) + -6?
31
Evaluate 5 + (11 - (12 + (-10 - 0)) - 15).
-1
What is the value of 23 - ((49 - -2) + -125 + 102)?
-5
What is the value of (-1 - (1 - 2)) + -6 + -6 + 0?
-12
What is (-8 - 2) + 4 - (-49 - (-17 + 6))?
32
-357 - -372 - (-45 - (-3 + -5))
52
Evaluate (-10 + (44 - 10) + -4 + -11 - -41) + 10.
60
Calculate 40 + (-10 + (-7 - (13 - 12 - 7)) - -6).
35
-20 + (16 - -11 - 17) + 18 + 15
23
Calculate -17 - -16 - -6 - (5 + 1 + -4).
3
Calculate 18 + (33 - 78) + -4.
-31
What is the value of -135 + -55 + 47 + 35 + -29?
-137
What is -44 + 128 + -16 + -40?
28
What is the value of -92 - ((36 - (60 + -22)) + (-18 - -2))?
-74
Evaluate -45 + 25 + -21 + 21.
-20
Calculate -14 + -12 - -22 - (3 - -4).
-11
What is the value of 9 - ((14 - (-8 + -52)) + (17 - 3 - 8))?
-71
Calculate -1135 + 1151 + -73 + -1.
-58
What is (-35 - 40) + (223 - 52)?
96
Calculate 33 - (73 - (-1 + 65)).
24
Evaluate -73 + (57 - 26) - -6 - (-1 - 10).
-25
(-35 - -20 - -21) + 24 + -51 + 5 + 1
-15
What is 19 + -98 + (68 - -78)?
67
Evaluate -8 - (-1 + 8 - (-86 - 0) - (32 - 18)).
-87
Evaluate (7 - -13 - 14) + (-13 - -27) + -7 - 102.
-89
What is 6 - (-5 + 25) - (5 + 15)?
-34
Calculate (123 - (-15 - (-102 + 91 + (-2 - 11)))) + 16.
130
-30 + (-10 + 0 - (1 + -2 + -16))
-23
Evaluate (24 - 5) + (-3 - (8 - 6)) + -86 + 77.
5
12 + 0 + 84 + 10 + -69 - 19
18
What is 1 + 11 + (-8 - (90 - ((-20 - -3) + 40)))?
-63
(-8 - (11 + -16)) + 26 + 18
41
-29 + (2 - (-2 + 38 + -10 - 13))
-40
What is -73 - (-75 + -3 - 29)?
34
What is -46 + 13 - (-191 + 186)?
-28
What is 7 - -138 - (-8 + (-27 + 38 - 10))?
152
(-110 - -33) + (9 - -93)
25
What is 64 - (13 + (-50 - (15 + -35)))?
81
Calculate (-33 + 1 - -4 - 0) + -15 + 14 + 4.
-25
What is (3 - ((1 - -6) + -4) - -3) + 16 + -70?
-51
What is the value of -8 - ((7 - -31 - (-5 + 14)) + -8)?
-29
What is the value of 77 - (57 - (54 + 0))?
74
Evaluate -174 - (70 + -163) - -208.
127
102 - (148 + -86 - -34)
6
(6 + -10 + (-10 - -20) + -16 - -7) + 67
64
What is the value of -1495 + 1462 + (33 - 1) - (5 - 0)?
-6
1133 + -1174 - (-4 + -49)
12
-107 - (-20 - (16 + (2 - 30))) - -14
-85
Evaluate 49 - (16 + -2 + -3 + (-77 - -56)).
59
What is -60 + (-1 - 1) + 7767 + -7740?
-35
-108 - (-10 - -45) - 0 - -45
-98
Evaluate (-93 - -111) + (-3 - 26) + -66.
-77
Calculate 5 + -7 + (1 + -13 - (-182 + 165)) + 95.
98
Evaluate -6 - (8 - 16) - (-42 - -9).
35
What is the value of (10 - (13 - (-18 + 35))) + 14?
28
(-1639 - -1621) + -5 + 93
70
What is (11 + -22 - (-13 + 8)) + 2 + 2?
-2
-71 - (2 - (70 + -76 + (13 - 2)))
-68
What is 4748 + -4622 + (-6 - 153)?
-33
What is 9 + 2 - ((-66 - -45) + -36)?
68
Calculate 174 + (-167 - -52) + -39.
20
Calculate -26 - (-4 - -27) - -22.
-27
What is the value of (12 - -22) + -9 + -11 + 38?
52
What is the value of -13 + 77 + -74 - -105?
95
What is 18 + (-59 - (28 - (0 - -12)))?
-57
-2 + 3 - (-47 - -49) - (-1 + 4 + -9)
5
0 + 20 - ((61 - 256) + 207)
8
What is -3 + -39 - (-6 + (-17 - -8) - -5)?
-32
-6 - (-42 - -76) - -117
77
Calculate -4 + -5 + -3 - (-16 - (13 - 15)).
2
What is the value of (25 - (-3 - 8 - -1)) + (32 - 35)?
32
What is the value of (4 + -6 + -9 - -8) + 60 - (8 - -2)?
47
(-67 - -52) + (3 - -12)
0
7 + (132 - (7 - (5 - 1) - (-12 + 2)))
126
Calculate -76 + -51 + 120 - (0 + 32).
-39
(-7 - -26) + -19 + 34 + -44
-10
What is the value of 51 + -59 + -18 + (13 - 5)?
-18
-332 - -339 - (1 - -26)
-20
What is -72 + 1 + 48 - (-2 + -35)?
14
-1178 - -1163 - (2 + 4 + -1) - -5
-15
Evaluate -1 + 44 + (562 - 585) - 120.
-100
2 